19*i + 91. Give x(g).
3
Let p = 510 - 511. Let l be -5 + -3 + 5 + p. Let g(q) = 3*q + 6. Determine g(l).
-6
Let s(z) = 5*z - 2. Let r be (-2 - (-3 + (-18)/3)) + 4. Suppose 4*w + 7*q = 10*q + r, -3*q + 7 = 5*w. Suppose -f - 17 = -3*m, 0 = f + w*f - 5*m + 31. Give s(f).
-12
Let d(f) = -f + 11 + 6 - 8 + 4. Suppose -5 = -o + 62*w - 61*w, o = 4*w + 5. Calculate d(o).
8
Let c(t) = -t**3 - 6*t**2 + 5*t - 3. Let v(b) = -b**3 - 5*b**2 - 6*b - 7. Suppose -120 = -4*z - 132. Let f be v(z). Determine c(f).
11
Let d(i) be the third derivative of i**4/24 - 3*i**3 - 4*i**2 - 662*i + 1. Give d(4).
-14
Let i be (-2444)/(-52) + (-22 - 0). Let k(w) = -2*w + 48. Calculate k(i).
-2
Let z(q) = -q**2 + 28*q - 36. Let n(o) = 2*o**3 - 19*o**2 + 24*o + 27. Let c be n(8). Determine z(c).
-9
Let o(c) = -36*c + 106. Let m(a) = -7*a + 21. Let n(s) = 16*m(s) - 3*o(s). Let u be n(4). Suppose -u*g + 0*g = 6. Let y(q) = q + 6. Give y(g).
3
Suppose -26 = -2*h + 3*k, -77*h + 79*h - 30 = k. Let t(j) = 2*j - 36. Give t(h).
-4
Let y(f) be the first derivative of 5/2*f**2 - 225 + 34*f. Calculate y(-6).
4
Let n(s) = s**2 + 35*s - 66. Let b be n(-37). Suppose 28*d = 20*d - b. Let m(p) = -9*p**3 + 2*p - p - 2*p**2 + 3*p**2. What is m(d)?
9
Let l(z) = -z**3 - 3*z**2 - 5*z - 4. Let b be -366*(-3)/6*20/(-12). Let c = -309 - b. Determine l(c).
32
Let l(p) = p - 6 - 6 - 5 + 13 - 1. Let m = 11 - 14. Determine l(m).
-8
Let b(z) = -7*z. Let u(n) be the third derivative of -n**6/120 + n**5/20 + 7*n**4/24 + 5*n**3/6 + n**2 + 20*n. Let j be u(-1). What is b(j)?
-14
Let l(b) = -1. Let k(v) = -v**2 + 8*v - 11. Let j(n) = -k(n) + 6*l(n). Let i = -5 - -31. Suppose -i*m + 20*m = -42. Determine j(m).
-2
Let i be (-15)/12*2*-12. Suppose 273 = -9*r + i*r. Let u(g) = g**3 - 12*g**2 - 13*g + 8. What is u(r)?
8
Let h(d) = d**2 + 4*d + 6. Suppose -j = -3*j + 132. Let a be 32/(-8) + j/(-3). Let z = a + 22. Give h(z).
6
Let r(b) = 13*b**3 + 21*b**2 - 3*b + 10. Let w(l) = -5*l**3 - 7*l**2 + l - 3. Let x(f) = -3*r(f) - 8*w(f). Calculate x(7).
1
Let d(f) = -f**3 + 8*f**2 - 6*f - 4. Let m be d(7). Let p(g) be the third derivative of 0 + 1/12*g**4 - 2/3*g**3 + 0*g + 1/30*g**5 - 155*g**2. Calculate p(m).
20
Let n(i) = -i**3 + 25*i + 3. Let m(b) = b**3 - 25*b - 5. Let f(w) = -3*m(w) - 2*n(w). Calculate f(-5).
9
Let m(h) be the third derivative of 5*h**4/12 - 119*h**3/6 - 170*h**2 + 2*h. Give m(12).
1
Let q be 0 - (24/16)/(6/(-184)). Let g = q + -47. Let c be g*(5 + -4) + -1*5. Let s(w) = w**2 + 8*w + 7. What is s(c)?
-5
Let u = 70 + -73. Let w(r) = 2*r + 5. Let z(f) = f. Let y(s) = u*z(s) + w(s). Suppose 10*l + 2*l = 84. What is y(l)?
-2
Let t(z) be the second derivative of 7/2*z**2 + 1/12*z**4 - 3 + 7/6*z**3 + 34*z. Calculate t(-6).
1
Let j be 3*16/24 - (-6)/(-3). Let t(m) = 13 - m - m**2 + m**3 + 6 + 1 - 2. Determine t(j).
18
Let j = 16 + -9. Suppose 0 = 8*w - 6 - 10. Let p(l) = 5*l - 11*l**2 + 17*l**2 + l**3 - 12*l**2 - 2*l**w + 8. Calculate p(j).
-6
Suppose 3*k + 936 - 1206 = 0. Suppose -k = 99*h - 84*h. Let t(p) = -12*p - 24. Let v(w) = -4*w - 8. Let n(a) = -3*t(a) + 10*v(a). Give n(h).
16
Let d be (-12)/(-9)*(-3)/2. Let m = -1 + d. Let f(x) = 41*x + 64 - 33 - 32 - 37*x. Give f(m).
-13
Let o(a) = 5 - 3 - 33197*a + a**3 + 33196*a - 5*a**2. Give o(5).
-3
Suppose -4*j - 80 = -5*t + j, 0 = -5*t + 3*j + 72. Let q(l) = 0*l + l - 6 - 11 + l. Calculate q(t).
7
Let r(i) = -5*i + 4. Let z(m) be the second derivative of 2*m**3 - 6*m**2 - 33*m. Let g(u) = -5*r(u) - 2*z(u). What is g(-9)?
-5
Let h(q) = -q - 9. Let x = -59 - -66. Suppose x*c = -c - 104. Calculate h(c).
4
Let w = 179 + -184. Let f(o) = -o**2 - 5*o + 2. Let u(k) = 48*k + k**2 - 2 + 48*k - 91*k. Let v(y) = -7*f(y) - 6*u(y). What is v(w)?
-2
Let w(d) be the second derivative of -d**4/12 + 5*d**3/6 + d**2/2 - 245*d + 2. What is w(-2)?
-13
Let m(y) be the third derivative of 1/6*y**3 + 0*y**4 - y**2 - 35 + 0*y + 1/20*y**5 + 1/120*y**6. Determine m(-2).
5
Let b(d) = d - 1. Let i(q) = -5*q + 31. Suppose 8 = 28*l - 32*l. Let c = l + 9. Let k be i(c). Determine b(k).
-5
Let q(u) = 2 - 1 - 97*u + 0 + 96*u. Suppose -4*j = n - 27, 3*n - 4*n = -j - 7. Let g(p) = p**3 - 9*p**2 - 22*p - 1. Let o be g(n). What is q(o)?
2
Let l(o) = 142*o - 360*o + 149*o - 214 + 46*o. What is l(-9)?
-7
Let t(o) = -o**2 + 5*o - 1. Let v be t(4). Let f(z) = 0*z - 9 - z + v. Suppose 2905*g - 5*c - 30 = 2910*g, -3*g + c = 14. What is f(g)?
-1
Let m be ((-87)/(-2))/29*34/(-3). Let t(f) = -4*f - 79. Give t(m).
-11
Let g(k) be the first derivative of k**3/3 + k**2/2 - 2*k + 1902. Give g(5).
28
Let j(u) = 2*u - 4. Let r(a) = -2*a + 88. Let l be r(46). Let z = 0 + -1. Let i be (-364)/(-56) - (-1 + z)/l. Determine j(i).
8
Suppose -2*m - 2*j + 10 = -6, -j = 0. Let t be 1/3 + (408/18 - 5). Let y(s) = 12*s - 5*s - t - 6*s. Calculate y(m).
-10
Let q be (-2)/(-2) + 1 + 7. Let n(d) = d**2 - 17*d + 39. Let c(l) = l**2 - 15*l + 30. Let y(v) = -4*c(v) + 3*n(v). Determine y(q).
-3
Let n(i) = -5*i**2 + 17 - 19 + 3*i - 7 - i**3 + 7*i**2. Calculate n(4).
-29
Let f(c) be the third derivative of -7/6*c**3 - 1/12*c**4 + 0*c + 0 - 170*c**2. Determine f(-4).
1
Let g(n) = n**2 - 4*n. Let t = -73 + 51. Let a = -19 - t. Let l = 2 + a. Give g(l).
5
Let u(m) = -2*m**2 + m - 12. Let t(o) = 2*o**2 + 16. Let y(c) = -3*t(c) - 4*u(c). Let s(w) = 3*w - 3. Let j be s(-3). Let g be (j/10)/((-6)/20). What is y(g)?
16
Let c(k) be the third derivative of -k**6/120 - k**5/6 + 19*k**4/8 + 11*k**3/6 + 1527*k**2. Calculate c(-14).
-3
Let b = -3474 - -3465. Let z(a) = a**3 + 7*a**2 - 11*a + 15. Calculate z(b).
-48
Let u(p) = -p + 2. Let l(o) = -o**2 + 2. Let j be l(-2). Let c(m) = m + 8. Let i be c(j). Determine u(i).
-4
Let a(o) = -2*o + 5*o + 5*o**2 - 7*o**2 + 0 - 4. Calculate a(5).
-39
Let v(m) = 19*m - 6*m - 2*m + 1 - 10*m. Let b = 6 - 10. Let l(g) = -g**3 - 3*g**2 + 4*g + 5. Let z be l(b). Give v(z).
6
Let s(f) = 3*f**2 + 80*f - 25. Let q be s(-27). Let m be 1 + -4 - q*3/(-6). Let k(u) = 4*u**2 - u - 1. Determine k(m).
17
Let b(p) be the first derivative of p**5/20 - p**4/4 - p**3/2 - 3*p**2/2 + 2*p - 1. Let m(u) be the first derivative of b(u). Let x = -423 + 427. Give m(x).
1
Let f(v) = 27*v + 26. Let r(c) = 50*c + 52. Suppose 11 = 3*b + 44. Let g(m) = b*f(m) + 6*r(m). Determine g(-12).
-10
Let w(c) = -c**2 - 2*c + 9. Let v be (48/(-32))/((-6)/16). Determine w(v).
-15
Let r(z) = -17*z - 20. Let o(m) = -8*m - 11. Let b(u) = 7*o(u) - 3*r(u). Give b(-6).
13
Let r(m) = 5*m - 25 + m**2 - m**3 - 3*m - 3*m. Let t(v) be the first derivative of v**4/4 - 7*v**3/3 - 9*v**2 + 127. Let i be t(9). What is r(i)?
-25
Let t = 36 + -31. Suppose 15 = t*k - 10. Suppose 0 = k*w - 3*p - 58 + 6, 3*w - 8 = -4*p. Let c(m) = m**2 - 7*m - 2. Give c(w).
6
Let c(m) = 0*m**2 + m**2 - 8 + 8096*m - 8094*m. Suppose -4*l = -18*l - 56. Calculate c(l).
0
Let o = -4488 - -13471/3. Let h(w) be the first derivative of 0*w + 1/2*w**2 + o*w**3 - 1. What is h(-1)?
6
Let g = 4034 - 4034. Let l(x) = -x**2 + 94. Calculate l(g).
94
Let w(a) = 15*a. Let k be 0/(-1*(0 + -2)*-1). Suppose k = s + s - 22. Suppose b + 5*c - 14 = 0, 2*b + 0*c = 3*c - s. Give w(b).
-15
Let y(x) = -258*x + 19. Let v(i) = 221*i - 21. Let f(u) = 7*v(u) + 6*y(u). What is f(7)?
-40
Suppose -13*g + 26 = -130. Let y(n) = g*n + 9 + 10*n**2 + 17*n**3 - 38*n**3 + 13*n**3 + 9*n**3. Give y(-8).
41
Let o(f) = -f - 6. Let b be (-4)/(-30) - ((-2491)/(-795) + -1*3). Give o(b).
-6
Let r = 8144 - 8150. Let s(w) = 2*w**3 + 12*w**2 + w + 1. Determine s(r).
-5
Let i(f) = 4*f - 2 - 1 - 3*f. Suppose -15 = -12*n + 93. Let p = 3 - n. Give i(p).
-9
Let a(r) = 10 - 2*r - 1 + 0*r. Let y be (-8)/(-2)*(-19)/38 + 8. Calculate a(y).
-3
Let i(z) = -7*z**2 + 4*z. Let t(u) = u**2 - u. Let a(f) = i(f) + 5*t(f). Suppose -l = 30*g + 39, 3*l = -13 - 14. Give a(g).
-1
Let u(v) be the third derivative of v**6/120 + 2*v**5/5 + 7*v**4/8 - 23*v**3/3 - 786*v**2. What is u(-23)?
0
Let q(z) = z**2 - 6*z - 7. Let b(t) = t**3 - 4*t**2 + 10*t - 12. Let n be b(2). Suppose 4*i + 5*i - 54 = n. Give q(i).
-7
Let z = -994 + 991. Let j(c) = -c - 9. Give j(z).
-6
Let c = -19611 - -19607. Let p(m) = -m**3 - 3*m**2 + 7*m + 17. Determine p(c).
5
Let y(a) be the second derivative of a**5/20 - a**2/2 + 9999*a. Determine y(1).
0
Suppose 0 = 6*u - 2*u - 16. Let k